{"id":8195,"date":"2024-03-21T03:27:32","date_gmt":"2024-03-21T02:27:32","guid":{"rendered":"https:\/\/swiety-jozef.pl\/?page_id=8195"},"modified":"2024-03-21T03:33:57","modified_gmt":"2024-03-21T02:33:57","slug":"centrum-na-rzecz-rodziny","status":"publish","type":"page","link":"https:\/\/swiety-jozef.pl\/index.php\/centrum-na-rzecz-rodziny\/","title":{"rendered":"Centrum Na Rzecz Rodziny"},"content":{"rendered":"<div class=\"wp-block-image\">\n<figure class=\"aligncenter size-large\"><img fetchpriority=\"high\" decoding=\"async\" width=\"724\" height=\"1024\" src=\"https:\/\/swiety-jozef.pl\/wp-content\/uploads\/2024\/03\/fotofundacja-724x1024.jpg\" alt=\"\" class=\"wp-image-8174\" srcset=\"https:\/\/swiety-jozef.pl\/wp-content\/uploads\/2024\/03\/fotofundacja-724x1024.jpg 724w, https:\/\/swiety-jozef.pl\/wp-content\/uploads\/2024\/03\/fotofundacja-212x300.jpg 212w, https:\/\/swiety-jozef.pl\/wp-content\/uploads\/2024\/03\/fotofundacja-768x1087.jpg 768w, https:\/\/swiety-jozef.pl\/wp-content\/uploads\/2024\/03\/fotofundacja-585x828.jpg 585w, https:\/\/swiety-jozef.pl\/wp-content\/uploads\/2024\/03\/fotofundacja.jpg 800w\" sizes=\"(max-width: 724px) 100vw, 724px\" \/><\/figure>\n<\/div>\n\n\n<div style=\"height:25px\" aria-hidden=\"true\" class=\"wp-block-spacer\"><\/div>\n\n\n\n<p class=\"has-medium-font-size\"><a href=\"https:\/\/www.facebook.com\/CentrumNaRzeczRodziny\" target=\"_blank\" rel=\"noreferrer noopener\"><strong>Link do strony na Facebook`u \u2013 Kliknij<\/strong><\/a><\/p>\n\n\n\n<div style=\"height:35px\" aria-hidden=\"true\" class=\"wp-block-spacer\"><\/div>\n\n\n<div class=\"wp-block-image is-style-rounded\">\n<figure class=\"aligncenter size-full\"><img decoding=\"async\" width=\"672\" height=\"679\" src=\"https:\/\/swiety-jozef.pl\/wp-content\/uploads\/2024\/03\/fotofundacja2.jpg\" alt=\"\" class=\"wp-image-8175\" srcset=\"https:\/\/swiety-jozef.pl\/wp-content\/uploads\/2024\/03\/fotofundacja2.jpg 672w, https:\/\/swiety-jozef.pl\/wp-content\/uploads\/2024\/03\/fotofundacja2-297x300.jpg 297w, https:\/\/swiety-jozef.pl\/wp-content\/uploads\/2024\/03\/fotofundacja2-585x591.jpg 585w\" sizes=\"(max-width: 672px) 100vw, 672px\" \/><\/figure>\n<\/div>\n\n\n<div style=\"height:35px\" aria-hidden=\"true\" class=\"wp-block-spacer\"><\/div>\n\n\n\n<p class=\"has-vivid-cyan-blue-color has-text-color has-link-color has-normal-font-size wp-elements-ead567b33b1ff66710033b96cc4290a2\"><strong>Centrum Na Rzecz Rodziny &#8211; Wsparcie psychologiczne i psychoterapeutyczne dzieci i m\u0142odzie\u017cy.<\/strong><br><\/p>\n\n\n\n<p class=\"has-vivid-green-cyan-color has-text-color has-link-color wp-elements-9d8e32d308059cc74b0dd8285c80f57b\"><strong>W Centrum Na Rzecz Rodziny dzieci i m\u0142odzie\u017c (do 21 roku \u017cycia, je\u015bli si\u0119 ucz\u0105) mog\u0105 skorzysta\u0107 z pomocy:<br>\u2611psychologa<br>\u2611psychoterapeuty<br>\u2611terapeuty \u015brodowiskowego.<\/strong><\/p>\n\n\n\n<p class=\"has-luminous-vivid-orange-color has-text-color has-link-color wp-elements-281b3522f768870c1263d9fd48e27392\"><br><strong>Wsparcie udzielane jest kompleksowo &#8211; ca\u0142ej rodzinie<br>Bezp\u0142atnie, bez skierowania, w ramach NFZ.<br>Rejestracja od poniedzia\u0142ku do pi\u0105tku w godz. 9:00 &#8211; 15:30,<br>tel. 536 \u2013 779 \u2013 907.<\/strong><\/p>\n\n\n\n<p class=\"has-vivid-purple-color has-text-color has-link-color wp-elements-132db7a0d0511f824800bb19e8902322\"><strong>Ul. Zielonog\u00f3rska 63C<br>67-100 Nowa S\u00f3l<\/strong><\/p>\n\n\n\n<div style=\"height:50px\" aria-hidden=\"true\" class=\"wp-block-spacer\"><\/div>\n","protected":false},"excerpt":{"rendered":"<p>Link do strony na Facebook`u \u2013 Kliknij Centrum Na Rzecz Rodziny &#8211; Wsparcie psychologiczne i psychoterapeutyczne dzieci i m\u0142odzie\u017cy. W Centrum Na Rzecz Rodziny dzieci i m\u0142odzie\u017c (do 21 roku&hellip;<\/p>\n","protected":false},"author":3,"featured_media":0,"parent":0,"menu_order":0,"comment_status":"closed","ping_status":"closed","template":"","meta":{"_lmt_disableupdate":"","_lmt_disable":"","footnotes":""},"class_list":["post-8195","page","type-page","status-publish","hentry"],"_links":{"self":[{"href":"https:\/\/swiety-jozef.pl\/index.php\/wp-json\/wp\/v2\/pages\/8195","targetHints":{"allow":["GET"]}}],"collection":[{"href":"https:\/\/swiety-jozef.pl\/index.php\/wp-json\/wp\/v2\/pages"}],"about":[{"href":"https:\/\/swiety-jozef.pl\/index.php\/wp-json\/wp\/v2\/types\/page"}],"author":[{"embeddable":true,"href":"https:\/\/swiety-jozef.pl\/index.php\/wp-json\/wp\/v2\/users\/3"}],"replies":[{"embeddable":true,"href":"https:\/\/swiety-jozef.pl\/index.php\/wp-json\/wp\/v2\/comments?post=8195"}],"version-history":[{"count":6,"href":"https:\/\/swiety-jozef.pl\/index.php\/wp-json\/wp\/v2\/pages\/8195\/revisions"}],"predecessor-version":[{"id":8203,"href":"https:\/\/swiety-jozef.pl\/index.php\/wp-json\/wp\/v2\/pages\/8195\/revisions\/8203"}],"wp:attachment":[{"href":"https:\/\/swiety-jozef.pl\/index.php\/wp-json\/wp\/v2\/media?parent=8195"}],"curies":[{"name":"wp","href":"https:\/\/api.w.org\/{rel}","templated":true}]}}

<div class="wp-block-image">
<figure class="aligncenter size-large"><img fetchpriority="high" decoding="async" width="724" height="1024" src="https://swiety-jozef.pl/wp-content/uploads/2024/03/fotofundacja-724x1024.jpg" alt="" class="wp-image-8174" srcset="https://swiety-jozef.pl/wp-content/uploads/2024/03/fotofundacja-724x1024.jpg 724w, https://swiety-jozef.pl/wp-content/uploads/2024/03/fotofundacja-212x300.jpg 212w, https://swiety-jozef.pl/wp-content/uploads/2024/03/fotofundacja-768x1087.jpg 768w, https://swiety-jozef.pl/wp-content/uploads/2024/03/fotofundacja-585x828.jpg 585w, https://swiety-jozef.pl/wp-content/uploads/2024/03/fotofundacja.jpg 800w" sizes="(max-width: 724px) 100vw, 724px" /></figure>
</div>


<div style="height:25px" aria-hidden="true" class="wp-block-spacer"></div>



<p class="has-medium-font-size"><a href="https://www.facebook.com/CentrumNaRzeczRodziny" target="_blank" rel="noreferrer noopener"><strong>Link do strony na Facebook`u – Kliknij</strong></a></p>



<div style="height:35px" aria-hidden="true" class="wp-block-spacer"></div>


<div class="wp-block-image is-style-rounded">
<figure class="aligncenter size-full"><img decoding="async" width="672" height="679" src="https://swiety-jozef.pl/wp-content/uploads/2024/03/fotofundacja2.jpg" alt="" class="wp-image-8175" srcset="https://swiety-jozef.pl/wp-content/uploads/2024/03/fotofundacja2.jpg 672w, https://swiety-jozef.pl/wp-content/uploads/2024/03/fotofundacja2-297x300.jpg 297w, https://swiety-jozef.pl/wp-content/uploads/2024/03/fotofundacja2-585x591.jpg 585w" sizes="(max-width: 672px) 100vw, 672px" /></figure>
</div>


<div style="height:35px" aria-hidden="true" class="wp-block-spacer"></div>



<p class="has-vivid-cyan-blue-color has-text-color has-link-color has-normal-font-size wp-elements-ead567b33b1ff66710033b96cc4290a2"><strong>Centrum Na Rzecz Rodziny &#8211; Wsparcie psychologiczne i psychoterapeutyczne dzieci i młodzieży.</strong><br></p>



<p class="has-vivid-green-cyan-color has-text-color has-link-color wp-elements-9d8e32d308059cc74b0dd8285c80f57b"><strong>W Centrum Na Rzecz Rodziny dzieci i młodzież (do 21 roku życia, jeśli się uczą) mogą skorzystać z pomocy:<br>☑psychologa<br>☑psychoterapeuty<br>☑terapeuty środowiskowego.</strong></p>



<p class="has-luminous-vivid-orange-color has-text-color has-link-color wp-elements-281b3522f768870c1263d9fd48e27392"><br><strong>Wsparcie udzielane jest kompleksowo &#8211; całej rodzinie<br>Bezpłatnie, bez skierowania, w ramach NFZ.<br>Rejestracja od poniedziałku do piątku w godz. 9:00 &#8211; 15:30,<br>tel. 536 – 779 – 907.</strong></p>



<p class="has-vivid-purple-color has-text-color has-link-color wp-elements-132db7a0d0511f824800bb19e8902322"><strong>Ul. Zielonogórska 63C<br>67-100 Nowa Sól</strong></p>



<div style="height:50px" aria-hidden="true" class="wp-block-spacer"></div>

<p>Link do strony na Facebook`u – Kliknij Centrum Na Rzecz Rodziny &#8211; Wsparcie psychologiczne i psychoterapeutyczne dzieci i młodzieży. W Centrum Na Rzecz Rodziny dzieci i młodzież (do 21 roku&hellip;</p>
