{"id":3814,"date":"2022-03-09T15:56:35","date_gmt":"2022-03-09T14:56:35","guid":{"rendered":"https:\/\/swiety-jozef.pl\/?page_id=3814"},"modified":"2022-03-09T16:12:25","modified_gmt":"2022-03-09T15:12:25","slug":"ministranci","status":"publish","type":"page","link":"https:\/\/swiety-jozef.pl\/index.php\/ministranci\/","title":{"rendered":"Ministranci"},"content":{"rendered":"\n<h3 class=\"has-text-align-left wp-block-heading\">Ministranci<\/h3>\n\n\n\n<div style=\"height:24px\" aria-hidden=\"true\" class=\"wp-block-spacer\"><\/div>\n\n\n\n<div class=\"wp-block-media-text alignwide is-stacked-on-mobile\" style=\"grid-template-columns:29% auto\"><figure class=\"wp-block-media-text__media\"><img decoding=\"async\" width=\"173\" height=\"250\" src=\"https:\/\/swiety-jozef.pl\/wp-content\/uploads\/2022\/03\/savio-2.jpg\" alt=\"\" class=\"wp-image-3815 size-full\"\/><\/figure><div class=\"wp-block-media-text__content\">\n<p><strong>Nasi Patroni<\/strong><\/p>\n\n\n\n<p>\u015aw. Dominik i \u015bw. Stanis\u0142aw to patroni ministrant\u00f3w. Kilka zda\u0144 z \u017cyciorys\u00f3w, by mo\u017cna by\u0142o ich troszk\u0119 pozna\u0107.<\/p>\n\n\n\n<p><strong>\u015aw. Dominik Savio<\/strong><\/p>\n\n\n\n<p>Urodzony we W\u0142oszech, w roku 1842, \u015bw. Dominik Savio \u017cy\u0142 zaledwie pi\u0119tna\u015bcie lat, ale zd\u0105\u017cy\u0142 osi\u0105gn\u0105\u0107 wysoki stopie\u0144 \u015bwi\u0119to\u015bci. By\u0142 uczniem \u015bw. Jana Bosco, kt\u00f3ry kocha\u0142 go jak syna. Chc\u0105c pom\u00f3c \u015bw. Janowi w jego pracy misyjnej, zorganizowa\u0142 towarzystwo pod wezwaniem Niepokalanego Pocz\u0119cia. Pomimo \u017ce \u017cycie \u015bw. Dominika p\u0142yn\u0119\u0142o w ub\u00f3stwie, pracy i cierpieniach, przepe\u0142nia\u0142a go rado\u015b\u0107 i pogodna \u015bwi\u0119to\u015b\u0107. Jest prawdziwym wzorem dla m\u0142odzie\u017cy. Pewnego razu napisa\u0142 do przyjaciela : \u201eTu, na ziemi \u015bwi\u0119to\u015b\u0107 polega na tym, aby by\u0107 stale radosnym i wiernie wype\u0142nia\u0107 nasze obowi\u0105zki\u201d.<\/p>\n<\/div><\/div>\n\n\n\n<div style=\"height:25px\" aria-hidden=\"true\" class=\"wp-block-spacer\"><\/div>\n\n\n\n<div class=\"wp-block-media-text alignwide is-stacked-on-mobile\" style=\"grid-template-columns:29% auto\"><figure class=\"wp-block-media-text__media\"><img decoding=\"async\" width=\"166\" height=\"250\" src=\"https:\/\/swiety-jozef.pl\/wp-content\/uploads\/2022\/03\/kostka-1.jpg\" alt=\"\" class=\"wp-image-3816 size-full\"\/><\/figure><div class=\"wp-block-media-text__content\">\n<p><strong>\u015aw. Stanis\u0142aw Kostka<\/strong><\/p>\n\n\n\n<p>Patron m\u0142odzie\u017cy polskiej, od roku 1647 jeden z g\u0142\u00f3wnych patron\u00f3w Korony Polskiej i Wielkiego Ksi\u0119stwa Litewskiego. Urodzi\u0142 si\u0119 w Rostkowie pod Przasznyszem w grudniu 1550 roku. By\u0142 synem Jana, kasztelana zakroczymskiego i Ma\u0142gorzaty z Kryskich. Maj\u0105c lat czterna\u015bcie wyprawiony zosta\u0142 wraz ze starszym bratem, Paw\u0142em do gimnazjum cesarskiego, prowadzonego przez jezuit\u00f3w. Czyni\u0105c post\u0119py w nauce, \u017cy\u0142 r\u00f3wnocze\u015bnie g\u0142\u0119bokim \u017cyciem religijnym, kt\u00f3re bardzo wcze\u015bnie dosz\u0142o do dojrza\u0142o\u015bci i rozkwitu. W czasie kr\u00f3tkiej, lecz niebezpiecznej choroby w zimie roku 1565 rozkwit ten zaznaczy\u0142 si\u0119 wyra\u017anie doznaniami mistycznymi, zwi\u0105zanymi z gor\u0105cym nabo\u017ce\u0144stwem do Matki Naj\u015bwi\u0119tszej. Wed\u0142ug jego w\u0142asnej relacji, gdy spodziewa\u0142 si\u0119 ju\u017c rych\u0142ej \u015bmierci, wyprosi\u0142 sobie Komuni\u0119 \u015bwi\u0119t\u0105 u \u015bw. Barbary. Ona to w towarzystwie dw\u00f3ch anio\u0142\u00f3w przynios\u0142a mu Eucharysti\u0119. W czasie tej choroby zjawi\u0142a mu si\u0119 r\u00f3wnie\u017c Matka Bo\u017ca z Dzieci\u0105tkiem, od kt\u00f3rej dozna\u0142 cudu natychmiastowego powrotu do zdrowia z za\u0142\u0105czonym do tego daru rozkazem: \u201eWst\u0105p do Towarzystwa Jezusowego\u201d. Odt\u0105d zdecydowanie zmierza\u0142 do realizacji swojego powo\u0142ania. 28 pa\u017adziernika 1567 roku zosta\u0142 przyj\u0119ty przez genera\u0142a zakonu \u015bw. Franciszka Borgiasza, do Towarzystwa Jezusowego. Zachwyciwszy wszystkich swoj\u0105 duchow\u0105 dojrza\u0142o\u015bci\u0105 i rozmodleniem, zapad\u0142 w sierpniu nast\u0119pnego roku na malari\u0119. Zmar\u0142 po kilku dniach w wigili\u0119 Wniebowzi\u0119cia.<\/p>\n<\/div><\/div>\n\n\n\n<div style=\"height:25px\" aria-hidden=\"true\" class=\"wp-block-spacer\"><\/div>\n\n\n\n<p><strong>\u0141acina w liturgii.<\/strong><\/p>\n\n\n\n<p>Kilka komend kt\u00f3re stosuje si\u0119 podczas liturgii (nie tylko kiedy jest sprawowana po \u0142acinie). Ka\u017cdy dobry ministrant powinien je zna\u0107. Mi\u0142ego uczenia si\u0119.<\/p>\n\n\n\n<p><strong>Praeparatio ad processionem<\/strong>\u2013 przygotowanie do procesji wyj\u015bcia<br><strong>Positio incensi<\/strong>\u2013 na\u0142o\u017cenie kadzid\u0142a<br><strong>Adoratio crucis<\/strong>\u2013 uwielbienie krzy\u017ca (pok\u0142on)<br><strong>Procedant<\/strong>\u2013 id\u017amy lub procedamus \u2013 idziemy<br><strong>Sistant<\/strong>\u2013 sta\u0144my<br><strong>AdoratioSanctissimi<\/strong>\u2013 uwielbienie Naj\u015bwi\u0119tszego Sakramentu (przykl\u0119kni\u0119cie)<br><strong>Addexteram<\/strong>\u2013 na prawo<br><strong>Adsinistram<\/strong>\u2013 na lewo<br><strong>Salutatioaltaris<\/strong>\u2013 pozdrowienie o\u0142tarza<br><strong>Antealtare<\/strong>\u2013 przejd\u017amy przed o\u0142tarz<br><strong>Osculatioaltare<\/strong>\u2013 uczczenie o\u0142tarza (poca\u0142unek o\u0142tarza)<br><strong>Incensatioaltaris<\/strong>\u2013 okadzenie o\u0142tarza<br><strong>Adsedem<\/strong>\u2013 do sedille<br><strong>Sedeant<\/strong>\u2013 usi\u0105d\u017amy<br><strong>Surgant<\/strong>\u2013 powsta\u0144my<br><strong>Adaltare<\/strong>\u2013 podejd\u017amy do o\u0142tarza<br><strong>Ad sacristiam<\/strong>\u2013 do zakrystii<br><strong>Procumbat<\/strong>\u2013 prosz\u0119 po\u0142o\u017cy\u0107 si\u0119<br><strong>Singuliaccedant<\/strong>\u2013 prosz\u0119 podchodzi\u0107 pojedynczo<br><strong>Genuflectant<\/strong>\u2013 prosz\u0119 ukl\u0119kn\u0105\u0107<br><strong>Recedant<\/strong>\u2013 prosz\u0119 wr\u00f3ci\u0107<br><strong>Omnessurgant<\/strong>\u2013 wszyscy powsta\u0144my<br><strong>Velociter<\/strong>\u2013 szybko lub velocitius \u2013 szybciej<br><strong>Lente<\/strong>\u2013 powoli lub lentius \u2013 wolniej<br><strong>Attende<\/strong>\u2013 ostro\u017cnie, uwa\u017cnie<\/p>\n\n\n\n<p><strong>Dokumenty.<\/strong><\/p>\n\n\n\n<p>Poni\u017cej znajduj\u0105 si\u0119 linki do dokument\u00f3w. Zapoznanie si\u0119 z ich tre\u015bci\u0105 pomo\u017ce lepiej pozna\u0107 zasady, przepisy liturgiczne obowi\u0105zuj\u0105ce w Ko\u015bciele.<\/p>\n\n\n\n<p>Dokumenty dotycz\u0105ce Eucharystii<\/p>\n\n\n\n<ul class=\"wp-block-list\"><li><em><a href=\"http:\/\/www.vatican.va\/edocs\/POL0081\/_INDEX.HTM\" target=\"_blank\" rel=\"noreferrer noopener\">Jan Pawe\u0142 II, Encyklika Ecclesia de Eucharistia<\/a><\/em><\/li><li><em><a href=\"http:\/\/www.kkbids.episkopat.pl\/wprowadzeniedoksiag\/owmr\/wstep.htm\" target=\"_blank\" rel=\"noreferrer noopener\">Og\u00f3lne Wprowadzenie do Msza\u0142u Rzymskiego (OWMR)<\/a><\/em><\/li><li><em><a href=\"http:\/\/www.kuria.gliwice.pl\/czytelnia\/mszal\/index.php\" target=\"_blank\" rel=\"noreferrer noopener\">Msza\u0142 Rzymski (cz\u0119\u015b\u0107)<\/a><\/em><\/li><li><em><a href=\"http:\/\/www.kkbids.episkopat.pl\/anamnesis\/42\/8.htm\" target=\"_blank\" rel=\"noreferrer noopener\">Wskazania Episkopatu Polski po og\u0142oszeniu nowego OWMR<\/a><\/em><\/li><li><em><a href=\"http:\/\/www.vatican.va\/holy_father\/benedict_xvi\/apost_exhortations\/documents\/hf_ben-xvi_exh_20070222_sacramentum-caritatis_pl.html\" target=\"_blank\" rel=\"noreferrer noopener\">Adhortacja Apostolska Sacramentum caritatis o Eucharystii, \u017ar\u00f3dle i szczycie \u017cycia i misji Ko\u015bcio\u0142a<\/a><\/em><\/li><\/ul>\n\n\n\n<p>Pozosta\u0142e dokumenty<\/p>\n\n\n\n<ul class=\"wp-block-list\"><li><em><a href=\"http:\/\/www.episkopat.pl\/\">Dokumenty i informacje na stronie Episkopatu Polski<\/a><\/em><\/li><li><em><a href=\"http:\/\/www.kkbids.episkopat.pl\/dokumentypovii\/listoosp\/wstep.htm\" target=\"_blank\" rel=\"noreferrer noopener\">List ok\u00f3lny o przygotowaniu i obchodzeniu \u015awi\u0105t Paschalnych<\/a><\/em><\/li><li><em><a href=\"http:\/\/www.kkbids.episkopat.pl\/wprowadzeniedoksiag\/mszal\/calendarium.htm\" target=\"_blank\" rel=\"noreferrer noopener\">Kalendarz liturgiczny diecezji polskich<\/a><\/em><\/li><li><em><a href=\"http:\/\/www.biblia.poznan.pl\/SB\/Indeks.htm\" target=\"_blank\" rel=\"noreferrer noopener\">Kalendarz liturgiczny na ka\u017cdy dzie\u0144 wraz z czytaniami, modlitwami i in.<\/a><\/em><\/li><li><em><a href=\"http:\/\/ikaku.fm.interia.pl\/pocz.html\" target=\"_blank\" rel=\"noreferrer noopener\">Pomoce dla lektor\u00f3w<\/a><\/em><\/li><\/ul>\n\n\n\n<p><strong>Przebieg Mszy \u015bw.<\/strong><\/p>\n\n\n\n<p>W jaki spos\u00f3b zbudowana jest Msza \u015bw.?<br>Jak nazywaj\u0105 si\u0119 jej poszczeg\u00f3lne elementy?<br>Wersja uproszczona, dla tych kt\u00f3rzy mo\u017ce nie s\u0105 liturgistami, ale nie chc\u0105 by\u0107 liturgicznymi mato\u0142kami.<\/p>\n\n\n\n<p><strong>1. Obrz\u0119dy wst\u0119pne<\/strong><\/p>\n\n\n\n<p>1. Wej\u015bcie<br>2. Pozdrowienie o\u0142tarza i zgromadzonego ludu<br>3. Akt pokuty<br>4. Panie, zmi\u0142uj si\u0119 nad nami<br>5. Chwa\u0142a na wysoko\u015bci Bogu<br>6. Kolekta<\/p>\n\n\n\n<p><strong>2. Liturgia S\u0142owa<\/strong><\/p>\n\n\n\n<p>1. I czytanie<br>2. Psalm responsoryjny<br>3. II czytanie<br>4. Aklamacja przed Ewangeli\u0105<br>5. Ewangelia<br>6. Homilia<br>7. Wyznanie wiary<br>8. Modlitwa powszechna<\/p>\n\n\n\n<p><strong>3. Liturgia eucharystyczna<\/strong><\/p>\n\n\n\n<p>1. Przygotowanie dar\u00f3w<\/p>\n\n\n\n<p>* Procesja z darami<br>* Obmycie r\u0105k<br>* Wezwanie do modlitwy i modlitwa nad darami<\/p>\n\n\n\n<p>2. Modlitwa eucharystyczna<\/p>\n\n\n\n<p>* Dialog przed prefacj\u0105<br>* Prefacja<br>* Aklamacja \u015awi\u0119ty<br>* Wspomnienie tajemnicy dnia<br>* Epikleza<br>* Opowiadanie o ustanowieniu i konsekracja<br>* Aklamacja po przeistoczeniu<br>* Z\u0142o\u017cenie ofiary<br>* Modlitwy wstawiennicze<br>* Doksologia ko\u0144cowa<\/p>\n\n\n\n<p>3. Obrz\u0119dy komunii<\/p>\n\n\n\n<p>* Modlitwa Pa\u0144ska<br>* Obrz\u0119d pokoju<br>* Baranku Bo\u017cy<br>* Komunia \u015awi\u0119ta<br>* Modlitwa po komunii<br><br><strong><br>4. Obrz\u0119d zako\u0144czenia<\/strong><\/p>\n\n\n\n<p>1. Pozdrowienie i b\u0142ogos\u0142awie\u0144stwo kap\u0142a\u0144skie<br>2. Rozes\u0142anie<\/p>\n","protected":false},"excerpt":{"rendered":"<p>Ministranci Nasi Patroni \u015aw. Dominik i \u015bw. Stanis\u0142aw to patroni ministrant\u00f3w. Kilka zda\u0144 z \u017cyciorys\u00f3w, by mo\u017cna by\u0142o ich troszk\u0119 pozna\u0107. \u015aw. Dominik Savio Urodzony we W\u0142oszech, w roku 1842,&hellip;<\/p>\n","protected":false},"author":1,"featured_media":0,"parent":0,"menu_order":0,"comment_status":"closed","ping_status":"closed","template":"page-sidebar.php","meta":{"_lmt_disableupdate":"","_lmt_disable":"","footnotes":""},"class_list":["post-3814","page","type-page","status-publish","hentry"],"_links":{"self":[{"href":"https:\/\/swiety-jozef.pl\/index.php\/wp-json\/wp\/v2\/pages\/3814","targetHints":{"allow":["GET"]}}],"collection":[{"href":"https:\/\/swiety-jozef.pl\/index.php\/wp-json\/wp\/v2\/pages"}],"about":[{"href":"https:\/\/swiety-jozef.pl\/index.php\/wp-json\/wp\/v2\/types\/page"}],"author":[{"embeddable":true,"href":"https:\/\/swiety-jozef.pl\/index.php\/wp-json\/wp\/v2\/users\/1"}],"replies":[{"embeddable":true,"href":"https:\/\/swiety-jozef.pl\/index.php\/wp-json\/wp\/v2\/comments?post=3814"}],"version-history":[{"count":4,"href":"https:\/\/swiety-jozef.pl\/index.php\/wp-json\/wp\/v2\/pages\/3814\/revisions"}],"predecessor-version":[{"id":3840,"href":"https:\/\/swiety-jozef.pl\/index.php\/wp-json\/wp\/v2\/pages\/3814\/revisions\/3840"}],"wp:attachment":[{"href":"https:\/\/swiety-jozef.pl\/index.php\/wp-json\/wp\/v2\/media?parent=3814"}],"curies":[{"name":"wp","href":"https:\/\/api.w.org\/{rel}","templated":true}]}}