{"id":3804,"date":"2022-03-09T15:46:26","date_gmt":"2022-03-09T14:46:26","guid":{"rendered":"https:\/\/swiety-jozef.pl\/?page_id=3804"},"modified":"2022-03-09T15:52:13","modified_gmt":"2022-03-09T14:52:13","slug":"zywy-rozaniec","status":"publish","type":"page","link":"https:\/\/swiety-jozef.pl\/index.php\/zywy-rozaniec\/","title":{"rendered":"\u017bywy R\u00f3\u017caniec"},"content":{"rendered":"\n<div class=\"wp-block-media-text alignwide is-stacked-on-mobile\" style=\"grid-template-columns:29% auto\"><figure class=\"wp-block-media-text__media\"><img fetchpriority=\"high\" decoding=\"async\" width=\"511\" height=\"525\" src=\"https:\/\/swiety-jozef.pl\/wp-content\/uploads\/2022\/03\/zywy-rozaniec-1.jpg\" alt=\"\" class=\"wp-image-3805 size-full\" srcset=\"https:\/\/swiety-jozef.pl\/wp-content\/uploads\/2022\/03\/zywy-rozaniec-1.jpg 511w, https:\/\/swiety-jozef.pl\/wp-content\/uploads\/2022\/03\/zywy-rozaniec-1-292x300.jpg 292w\" sizes=\"(max-width: 511px) 100vw, 511px\" \/><\/figure><div class=\"wp-block-media-text__content\">\n<h5 class=\"wp-block-heading\">\u017bywy R\u00f3\u017caniec<\/h5>\n\n\n\n<p>\u017bywy R\u00f3\u017caniec jest wielkim zapleczem modlitewnym, \u017cyj\u0105cym najbardziej rozpowszechnion\u0105 w Ko\u015bciele modlitw\u0105 maryjn\u0105, jak\u0105 jest r\u00f3\u017caniec, kt\u00f3ry \u201enale\u017cy do najlepszej i najbardziej wypr\u00f3bowanej tradycji kontemplacji chrze\u015bcija\u0144skiej \u2013 pisa\u0142 Ojciec \u015awi\u0119ty Jan Pawe\u0142 II w li\u015bcie o r\u00f3\u017ca\u0144cu. \u2013 Poprzez r\u00f3\u017caniec wst\u0119pujemy do szko\u0142y Maryi, by Ona uczy\u0142a nas kontemplowa\u0107 oblicze Chrystusa, poznajemy tajemnice Jego \u017cycia, rozwa\u017cane Jej sercem, otwieramy si\u0119 na tajemnic\u0119 Tr\u00f3jcy \u015awi\u0119tej, aby do\u015bwiadcza\u0107 mi\u0142o\u015bci Ojca i rado\u015bci Ducha \u015awi\u0119tego\u201d.<\/p>\n<\/div><\/div>\n\n\n\n<div style=\"height:20px\" aria-hidden=\"true\" class=\"wp-block-spacer\"><\/div>\n\n\n\n<p>W drugiej po\u0142owie XIX w. modlitwa r\u00f3\u017ca\u0144cowa prze\u017cywa niezwyk\u0142y renesans. M\u0142oda Francuzka z Lyonu wpada na genialny w swej prostocie pomys\u0142, kt\u00f3ry mobilizuje miliony (!) ludzi do codziennego odmawiania r\u00f3\u017ca\u0144ca. S\u0142uga Bo\u017ca Paulina Maria Jaricot (1799-1862), bo o niej mowa, pisa\u0142a: \u201eNienasycone pragnienie poznania Boga i ogromna potrzeba, by kocha\u0107, kaza\u0142o mi pragn\u0105\u0107 tak\u017ce dzia\u0142ania na Jego chwa\u0142\u0119. Chcia\u0142am do\u0142o\u017cy\u0107 moj\u0105 cegie\u0142k\u0119 do chwa\u0142y Ko\u015bcio\u0142a\u201d. I tak si\u0119 sta\u0142o. Maj\u0105c 23 lata, stworzy\u0142a struktur\u0119, kt\u00f3ra da\u0142a pocz\u0105tek p\u00f3\u017aniejszemu Papieskiemu Dzie\u0142u Rozkrzewiania Wiary (jednemu z 4 Papieskich Dzie\u0142 Misyjnych, obecnych dzi\u015b w 150 krajach). Jego struktura umo\u017cliwi\u0142a jej w 1862 r. powo\u0142anie stowarzyszenia \u017bywego R\u00f3\u017ca\u0144ca, kt\u00f3re jeszcze za jej \u017cycia rozwin\u0119\u0142o si\u0119 w wielu krajach na ca\u0142ym \u015bwiecie.<\/p>\n\n\n\n<p>Central\u0119 \u017bywego R\u00f3\u017ca\u0144ca Paulina za\u0142o\u017cy\u0142a w Lyonie na wzg\u00f3rzu Lorette. O rozmachu stowarzyszenia \u015bwiadczy fakt, \u017ce tylko w 1832 r. wys\u0142ano stamt\u0105d 140 tys. ksi\u0105\u017cek i broszur, 80 tys. obrazk\u00f3w, 40 tys. medalik\u00f3w, 18 tys. szkaplerzy i krzy\u017cyk\u00f3w; \u015brednio wychodzi\u0142o wi\u0119c ok. 1 tys. przesy\u0142ek dziennie. Ros\u0142a wielka rodzina r\u00f3\u017ca\u0144cowa. Od 8 XII 1826 r. \u2013 najbardziej prawdopodobna data powstania \u017bywego R\u00f3\u017ca\u0144ca \u2013 do 1834 r. liczy ju\u017c ponad 1 mln cz\u0142onk\u00f3w, a w 1862 r. \u2013 ok. 2 mln 250 tys. os\u00f3b w samej tylko Francji. \u201eStopniowo stajemy si\u0119 zjednoczeni w modlitwie ze wszystkimi lud\u017ami \u015bwiata\u201d. \u201ePi\u0119tnastki mno\u017c\u0105 si\u0119 \u2013 pisze Paulina w 1831 r. \u2013 z niewiarygodn\u0105 szybko\u015bci\u0105 we W\u0142oszech, Szwajcarii, Belgii, Anglii i w niekt\u00f3rych krajach Ameryki, zw\u0142aszcza w Kanadzie. \u017bywy R\u00f3\u017caniec zapu\u015bci\u0142 korzenie a\u017c po Indie. Staramy si\u0119 o wprowadzenie go w Afryce. S\u0142ysz\u0119, \u017ce w Kolumbii zrzeszenie to tak bardzo si\u0119 rozpowszechnia, \u017ce trudno zliczy\u0107 tych, kt\u00f3rzy do niego nale\u017c\u0105; wsz\u0119dzie, gdzie zawi\u0105za\u0142y si\u0119 \u00abpi\u0119tnastki\u00bb, mo\u017cna zaobserwowa\u0107 utrwalanie si\u0119 w dobrem i wo\u0144 cn\u00f3t, kt\u00f3rych dawniej nie by\u0142o\u201d. Modlitwa r\u00f3\u017ca\u0144cowa \u2013 dzi\u0119ki \u017bywemu R\u00f3\u017ca\u0144cowi \u2013 przyczyni\u0142a si\u0119 do wielu nawr\u00f3ce\u0144 i mia\u0142a sw\u00f3j znacz\u0105cy udzia\u0142 w rozkwicie chrze\u015bcija\u0144stwa w XIX w.<\/p>\n\n\n\n<p>27 I 1832 r. papie\u017c Grzegorz XVI listem apostolskim Benedicentes zatwierdzi\u0142 stowarzyszenie \u017bywego R\u00f3\u017ca\u0144ca i nada\u0142 mu liczne odpusty. Patronk\u0105 \u017bywego R\u00f3\u017ca\u0144ca ustanowi\u0142 m\u0142odziutk\u0105 rzymsk\u0105 m\u0119czenniczk\u0119 \u2013 \u015bw. Filomen\u0119, za przyczyn\u0105 kt\u00f3rej Paulina w cudowny spos\u00f3b odzyska\u0142a zdrowie.<\/p>\n\n\n\n<p>W 2002 r. Ojciec \u015awi\u0119ty Jan Pawe\u0142 II w li\u015bcie apostolskim Rosarium Virginis Mariae (\u201eO r\u00f3\u017ca\u0144cu Dziewicy Maryi\u201d) og\u0142osi\u0142 Rok R\u00f3\u017ca\u0144ca (od X 2002 do X 2003 r.) i wprowadzi\u0142 now\u0105 jego cz\u0119\u015b\u0107 \u2013 tajemnice \u015bwiat\u0142a \u2013 dotycz\u0105ce publicznej dzia\u0142alno\u015bci Pana Jezusa. Ojciec \u015awi\u0119ty pragn\u0105\u0142, \u201eaby r\u00f3\u017caniec w pe\u0142niejszy spos\u00f3b mo\u017cna by\u0142o nazwa\u0107 streszczeniem Ewangelii\u201d. Odt\u0105d ca\u0142y r\u00f3\u017caniec liczy 20 tajemnic, a \u017cywe r\u00f3\u017ce sk\u0142adaj\u0105 si\u0119 z 20 os\u00f3b.<\/p>\n\n\n\n<p>Do Polski \u017bywy R\u00f3\u017caniec dotar\u0142 jeszcze w XIX w. Obecnie istnieje niemal w ka\u017cdej parafii. W 1977 r. Prymas Stefan Wyszy\u0144ski zatwierdzi\u0142 Ceremonia\u0142 \u017bywego R\u00f3\u017ca\u0144ca, opracowany przez o. Szymona Niezgod\u0119 OP w 100. rocznic\u0119 objawie\u0144 fatmskich.<\/p>\n\n\n\n<p><\/p>\n\n\n\n<p class=\"has-text-align-right\">(oprac. na podst. miesi\u0119cznika \u201eR\u00f3\u017caniec\u201d)<a rel=\"noreferrer noopener\" href=\"mailto:?subject=%C5%BBywy%20R%C3%B3%C5%BCaniec&amp;BODY=https:\/\/swiety-jozef.pl\/index.php\/2022\/03\/06\/zywy-rozaniec\/\" target=\"_blank\"><\/a><\/p>\n","protected":false},"excerpt":{"rendered":"<p>\u017bywy R\u00f3\u017caniec \u017bywy R\u00f3\u017caniec jest wielkim zapleczem modlitewnym, \u017cyj\u0105cym najbardziej rozpowszechnion\u0105 w Ko\u015bciele modlitw\u0105 maryjn\u0105, jak\u0105 jest r\u00f3\u017caniec, kt\u00f3ry \u201enale\u017cy do najlepszej i najbardziej wypr\u00f3bowanej tradycji kontemplacji chrze\u015bcija\u0144skiej \u2013 pisa\u0142&hellip;<\/p>\n","protected":false},"author":1,"featured_media":0,"parent":0,"menu_order":0,"comment_status":"closed","ping_status":"closed","template":"page-sidebar.php","meta":{"_lmt_disableupdate":"","_lmt_disable":"","footnotes":""},"class_list":["post-3804","page","type-page","status-publish","hentry"],"_links":{"self":[{"href":"https:\/\/swiety-jozef.pl\/index.php\/wp-json\/wp\/v2\/pages\/3804","targetHints":{"allow":["GET"]}}],"collection":[{"href":"https:\/\/swiety-jozef.pl\/index.php\/wp-json\/wp\/v2\/pages"}],"about":[{"href":"https:\/\/swiety-jozef.pl\/index.php\/wp-json\/wp\/v2\/types\/page"}],"author":[{"embeddable":true,"href":"https:\/\/swiety-jozef.pl\/index.php\/wp-json\/wp\/v2\/users\/1"}],"replies":[{"embeddable":true,"href":"https:\/\/swiety-jozef.pl\/index.php\/wp-json\/wp\/v2\/comments?post=3804"}],"version-history":[{"count":2,"href":"https:\/\/swiety-jozef.pl\/index.php\/wp-json\/wp\/v2\/pages\/3804\/revisions"}],"predecessor-version":[{"id":3808,"href":"https:\/\/swiety-jozef.pl\/index.php\/wp-json\/wp\/v2\/pages\/3804\/revisions\/3808"}],"wp:attachment":[{"href":"https:\/\/swiety-jozef.pl\/index.php\/wp-json\/wp\/v2\/media?parent=3804"}],"curies":[{"name":"wp","href":"https:\/\/api.w.org\/{rel}","templated":true}]}}